git of s?
4
What is the ten thousands digit of (-370)/1295 - ((-1545492)/112 - 1/4)?
1
Let p(c) = -c**2 + 13*c + 34. Let f be p(15). Suppose 4*u + 88 = -f*x, 3*x - u = 2*u - 90. What is the tens digit of 168/(-2)*13/x?
4
Let b(a) = -32 + 10*a**2 + 71*a**2 + 0*a + a + 30. Let d(m) = -10*m - 89. Let f be d(-9). What is the units digit of b(f)?
0
Suppose 5374 = -79*r + 80*r - o, -12 = -2*o. What is the hundreds digit of r?
3
Suppose -213416 = -5*r - 3*s, -4*s = 2*r - 115931 + 30559. What is the ten thousands digit of r?
4
Suppose 0 = -3*r + 3*n - 1416, 6*r + 4*n + 2396 = r. Let b = 512 + r. What is the tens digit of b?
3
Let w be -2*(0 - 94/4). Suppose j - 19 = -2*o, 2*o + 36 = 4*j - 0*o. Suppose -10*q = -j*q + w. What is the units digit of q?
7
Let o = -2947 + 6320. What is the hundreds digit of o?
3
Suppose 62*h = 61*h + 305. Suppose 9*t = h + 1414. What is the tens digit of t?
9
Let o(d) = 15*d + 79*d - 20 - 37 + 85*d. What is the units digit of o(5)?
8
Suppose -2*d - 9 = -4*t + 17, t - d = 9. What is the tens digit of -3 - (-6 - -7) - (-194 + t)?
8
What is the tens digit of (13 - (-49)/2)*536/10?
1
Let o(x) = -7*x - 6*x**2 - 3*x**2 + 3*x**3 - 2*x**3 - 15. Let s = -4546 - -4557. What is the units digit of o(s)?
0
Let i be 1*(-13 + 9) + 120. Suppose 117*m = i*m + 887. What is the hundreds digit of m?
8
Suppose 7*f + 285 = j + 6*f, -5*j + 3*f = -1427. Let m = j + -153. What is the hundreds digit of m?
1
Suppose 4*s - 39*k - 281579 = -42*k, -3*k - 140785 = -2*s. What is the thousands digit of s?
0
Let r = 17352 + -1579. What is the tens digit of r?
7
Let t(n) = 297*n + 1404. What is the units digit of t(48)?
0
Suppose -b = 2*b - 3*x - 92400, 0 = -4*b + 2*x + 123196. What is the thousands digit of b?
0
Let i be 198/(2 + 4) - -1. Let g = -3 - -8. Suppose -2*z + 2*t + 22 = 0, g*z - 2*t - i = -4*t. What is the units digit of z?
8
What is the thousands digit of 45415 + (5 + (-85)/10)/((-9)/18)?
5
Suppose 0 = 29*l - 31*l + 1750. Suppose 340 - l = -5*c. What is the tens digit of c?
0
Suppose -1732*f = -1755*f + 101545. What is the tens digit of f?
1
Suppose -9*o = 22 - 67. Suppose 2*d = -5*k + 926 - 115, -o*d + 2041 = -k. Suppose 7*z - d = z. What is the units digit of z?
8
Suppose -4 = -2*z + 2*m, -z + 2 = -0*z - 4*m. Suppose -w + z*q - 3*q = -203, 2 = -2*q. What is the tens digit of w?
0
Let f(u) = u**2 + 3*u - 14. Let j be f(-5). What is the units digit of 32/(-48) - (27208/6)/j?
3
Let b(c) = -c**3 - 9*c**2 + 14*c - 25. Let f = -114 - -102. What is the tens digit of b(f)?
3
Let l = 238 + 1597. Suppose 2*u - 4*s - l = -3*u, 0 = s - 5. What is the hundreds digit of u?
3
Let n = 10174 + -4365. What is the thousands digit of n?
5
Suppose -29*m + 357 = -12*m. Suppose -5*g = m*g - 15678. What is the units digit of g?
3
Let p = -10472 + 51833. What is the ten thousands digit of p?
4
Suppose 2*r - 6 = a + 5*r, 10 = -2*a - 5*r. Suppose -8*c - 560 + 4096 = a. Let g = -302 + c. What is the hundreds digit of g?
1
Let p = -39 - -39. Let c(t) = t - 4. Let f be c(p). What is the units digit of 3 + (-4 - f) - -93?
6
Suppose 6*s - 3*s + 5*t + 551 = 0, s - 4*t = -178. Let p = -71 - s. Suppose 2*f = 3*l - p - 464, 0 = 5*f + 5. What is the hundreds digit of l?
1
Let h = -23 + 24. Let m be 8/(-10) + h - (-9360)/75. What is the units digit of ((-10)/m*-5)/((-2)/(-320))?
4
Suppose 348*p - 10927288 = -39*p - 2692702. What is the tens digit of p?
7
Let d(y) = -3*y**2 - 42*y + 92. Let t be d(-34). Let b = t - -2756. What is the hundreds digit of b?
8
Suppose 0 = -85*x + 45*x + 1734800. What is the hundreds digit of x?
3
Suppose 12*v - 32*v = -5*v - 13500. What is the tens digit of v?
0
Let d be ((-144)/42)/(3/21). What is the units digit of (d/5)/(18/(-2520))?
2
Suppose -2*f - 2*w + 4 = 0, -f - 3*w = 3*f - 10. Suppose -f = -o - 0. What is the tens digit of 48*(o + (-5)/3)?
1
Let k(o) be the third derivative of 22*o**2 + 1/6*o**4 - 17/60*o**5 + 0 + 1/120*o**6 + 0*o + 4/3*o**3. What is the units digit of k(17)?
6
Suppose -48*q + 19 = -29. Suppose -13 + q = 3*g, 2*g + 1116 = 2*w. What is the units digit of w?
4
Let o be (-1)/(5/(-436)) + (-12)/(-15). Let a = 95 + o. What is the tens digit of a?
8
Suppose 0 = 4*v - v - 4*o - 419, -2*o = 2*v - 298. Suppose -32*z = -27*z - 185. Let w = v - z. What is the units digit of w?
8
Let a(b) = -3*b**3 - 13*b - 20. Let j(l) = 11*l**3 + 39*l + 59. Let f(y) = 7*a(y) + 2*j(y). What is the hundreds digit of f(9)?
5
Let l = 49 - 34. Let k(c) = 27 - 13 - 21*c - l. What is the units digit of k(-2)?
1
Suppose -4*p + 8305 + 3730 = -43033. What is the tens digit of p?
6
Let t(b) = -b**2 - 37*b - 8. Let v(u) = 2*u**2 + 113*u + 24. Let p(l) = -7*t(l) - 2*v(l). What is the units digit of p(-11)?
8
What is the tens digit of 534*((-4)/(-8) + 39/26)?
6
Let a be -1 - (-1 + (-6395)/(-10))*2. Let p = a + 1925. What is the hundreds digit of p?
6
Let h(u) = u**3 - 45*u**2 + 128*u - 84. Let p be h(42). Suppose p = -3*w + 2199 + 432. What is the units digit of w?
7
Suppose -5*o + 3*o = 1676. Let v = -1469 - -1465. What is the hundreds digit of o/v - (-11)/22?
2
Let v(m) = 16*m**2 + 8*m - 30. Let c be v(-10). Let r = -667 + c. What is the hundreds digit of r?
8
What is the units digit of (-29646)/(-22) - (-24)/(-1188)*27?
7
Let o(n) = -6*n**2 + 32*n - 3. Let b be o(5). Let h(d) = 4*d**2 - 15*d - 52. What is the units digit of h(b)?
9
What is the tens digit of (276 + 2 - -3)*(-27 + 114)?
4
Let j(d) = -8*d**2 - 11*d - 5. Let g be j(-5). Suppose -1165 = 5*p + 5*t, -3*t + 8*t = -4*p - 928. Let a = g - p. What is the tens digit of a?
8
Let k = -12860 + 18284. What is the tens digit of k?
2
Suppose 262 + 293 = -5*k. Let c = k - -33. What is the tens digit of 742/3 - (c/(-18) - 4)?
4
Suppose -2*l = -3*r + 287, -5*r + 496 = -3*l + 68. Let f be 50/(-4)*(-21 + -1). Let s = f + l. What is the tens digit of s?
2
Suppose -8 - 7 = -3*t. Suppose 1421 = t*g - 1484. Suppose -g = o - 8*o. What is the tens digit of o?
8
What is the hundreds digit of ((-7498)/(-2) + ((-15)/(-10))/1)*2?
5
Suppose -q - 11*q = -15780. Let p = -735 + q. What is the units digit of p?
0
Suppose -245 = 3*k + 2*y - 0*y, -2*k + 4*y = 142. Let j = 79 + k. Suppose 3*r - v - 443 = j, 0*v + 306 = 2*r + 2*v. What is the tens digit of r?
4
Let k = 37665 - 21782. What is the thousands digit of k?
5
Let g = 4717 - 2112. What is the hundreds digit of g?
6
Suppose -10 = -2*j - 0, 2*j = 4*o - 630. Let g = 386 - o. What is the tens digit of g?
2
Suppose 5*a - 4*c - 55 - 573 = 0, 504 = 4*a - 4*c. Suppose 16 = 4*k - a. What is the units digit of k?
5
Let l be (11 - 7) + (1 - 6). Let d be 1 - l - (-4 + -70). Suppose 0*c = -4*c + d. What is the tens digit of c?
1
Suppose 4*z = -0*n + n - 94, 2*n = z + 174. What is the units digit of (n/215)/((-1)/(-340))?
6
Suppose -3252 = -5*l + 4513. Let j = l - 1103. Suppose 8*b + j = 10*b. What is the hundreds digit of b?
2
Let p = 14752 - 3672. What is the thousands digit of p?
1
Let f(s) = -142*s - 1196. What is the tens digit of f(-29)?
2
Suppose 275 + 75 = 5*l. Suppose -2*o - 14 = d, l = -5*d - 6*o + 3*o. Let p = d - -15. What is the units digit of p?
1
Let b(o) = 2*o**3 + 10*o**2 + 5*o + 3. Let p be b(-4). Let s(c) = 47*c + 37. Let h be s(p). Suppose 5*i = 12*i - h. What is the tens digit of i?
0
Let s be 1/((-6)/(-4)) + 28/(-42). Suppose s = -21*r + 14*r + 1232. What is the tens digit of r?
7
Let m(c) = 7*c**2 - 117*c + 698. What is the ten thousands digit of m(64)?
2
Let p = -29 + 35. Let c(x) = -2*x**3 + 5*x**2 + 4*x - 4. Let v be c(4). What is the tens digit of v/(-24)*332/p?
8
Let z(k) = -k - 1. Let y be z(-4). Let a be 2 + (-843)/(-1)*y/9. Let i = a - 99. What is the tens digit of i?
8
Let m(d) = 16*d + 179. Let c be m(-11). What is the tens digit of 17*64/c - 8/(-6)?
6
Let i = -2268 - -215. Let r = -1053 - i. What is the tens digit of r?
0
Let l(m) = -m**3 + 71*m**2 + 83*m + 176. What is the hundreds digit of l(60)?
7
Let j be 1600/(-9 - -5) - -5. Let g = 630 + j. What is the tens digit of g?
3
Let x be (3/2)/(4*12/160). Suppose -2*b + x*c + 0 + 4 = 0, b - 2 = -5*c. Suppose 4*m - 20 = 4*i, 5*m + i - 13 = b*i. What is the units digit of m?
2
Let b(j) be the third derivative of 101*j**6/120 - 3*j**2 + 4*j. What is the units digit of b(1)?
1
Let v(g) = 2*g - 68. Let l be v(1